nd 4.
4
Let c = 2 + 0. Let b be 3*c/(-9)*-6. What is the highest common divisor of 4 and b?
4
Let h(m) = -m**3 + 10*m**2 + 2*m - 15. Let s be h(10). Let j = 8 + -6. Let c be (3/(-6))/(j/(-100)). What is the greatest common divisor of c and s?
5
Let x be (-5)/10*-28*1. What is the greatest common divisor of 70 and x?
14
Let p = -12 + 12. Suppose -5 = -g - p. Calculate the greatest common divisor of g and 25.
5
Let a be (1 - 11)*(-3)/6. Suppose -a*b = -b. Suppose b*q - 275 = -5*q. What is the highest common divisor of 5 and q?
5
Suppose -5 = -q - 0. Suppose o - b - 93 = -0*o, -489 = -q*o - 3*b. Calculate the highest common divisor of 12 and o.
12
Suppose -3*i - 15 = 0, r + 3*i = -7 - 5. Let k = r - 6. Let y(x) = -x**3 - 2*x**2 - 3*x + 3. Let a be y(k). Calculate the greatest common factor of a and 3.
3
Let s(p) = -p**3 - 7. Let v be s(0). Let x = 7 + v. Suppose x = 2*t - 0*t - 36. Calculate the highest common divisor of t and 126.
18
Suppose 0 = 2*l + 3*q + 28, 4*q = -0*l - 4*l - 52. Let i = -7 - l. Suppose -o = -5, -2*o = 3*n - i*o - 65. What is the greatest common divisor of n and 5?
5
Suppose -5*w + 0*c = -c - 83, 0 = 2*w - 2*c - 38. Calculate the highest common divisor of 2 and w.
2
Suppose -36 = -13*o + 9*o. Calculate the highest common divisor of o and 3.
3
Let c be (-20)/140 - ((-2242)/14 - 2). Calculate the greatest common factor of c and 18.
18
Let a(t) = t**3 + 10*t**2 + 7. Suppose -3*p = -5*s + 13 + 5, 8 = 3*s + p. Let z = s + -8. Let n be a(z). Calculate the highest common divisor of n and 12.
12
Let m = -67 - -119. Let g = m - 34. Calculate the highest common divisor of g and 90.
18
Let b be -4 - (-53 + (-4)/(-4)). What is the highest common divisor of b and 72?
24
Let t(s) = -1 - 8*s**2 + 19*s**2 + 2*s - 11*s**2 + 8*s**3. Let n be t(1). What is the highest common divisor of 9 and n?
9
Let n be (-36)/(-20) - (-1)/5. Suppose -2*v - n*v + 44 = 0. What is the highest common divisor of 88 and v?
11
Suppose -2*x = -t, 0*x = -5*x - t + 14. Suppose -5*a = 3*i - 11, -a - x + 0 = 0. What is the highest common factor of i and 14?
7
Let s be 555/6 + 2/4. Let p be s/4 + 2/(-8). Calculate the highest common divisor of 115 and p.
23
Let h be (0 - -1) + -1 + 11. Let m be (-3)/2*-22 + 0. Calculate the highest common divisor of m and h.
11
Suppose 13 = -h + 4*s - 0, 0 = -s + 4. Let i be -2*h*(-15)/10. Calculate the greatest common factor of i and 9.
9
Let s(g) = 26*g + 1. Let q be s(1). Let h be (24/(-10))/((-2)/10). Suppose -q = -5*v - h, -v - 30 = -c. What is the highest common factor of c and 22?
11
Suppose -2*f = -4*v - 25 - 15, -v = -2*f + 40. Let z be 5/(-1)*(-248)/f. Suppose 0 = -4*h - 6 + z. Calculate the greatest common factor of h and 7.
7
Suppose -2*r = g - 16 - 21, 4*r - 99 = 3*g. What is the highest common divisor of r and 63?
21
Let w = 15 - -27. What is the greatest common factor of w and 21?
21
Let p(j) = 0*j**2 + 181*j + 3 - 180*j + j**2. Let f(w) = -w - 1. Let i be f(6). Let n be p(i). Calculate the highest common factor of n and 18.
9
Suppose 0 = -h + p - 18 + 42, -5*h = 4*p - 84. What is the highest common factor of 30 and h?
10
Suppose 2*h = 12 + 18. Let u be 20*(-3 + 81/h). What is the greatest common factor of 72 and u?
24
Let d be -2 + (-1)/((-3)/36). Let z(h) = h**2 + 8*h + 2. Let k be z(-12). Calculate the highest common factor of k and d.
10
Let n = -13 + 18. Let z = -6 - -8. Suppose l - 32 = -2*w, z*w - 66 = -2*w - 3*l. Calculate the highest common factor of w and n.
5
Suppose 795 = 3*k - 4*s, 2*k - 507 = -0*k - 5*s. Calculate the highest common divisor of k and 29.
29
Let h(f) = -f - 9. Let v be h(-7). Let x = 5 + v. What is the greatest common factor of 12 and x?
3
Let z = 144 - 94. What is the highest common factor of 75 and z?
25
Suppose -16 = 5*f - 191. Calculate the greatest common divisor of 280 and f.
35
Suppose 52 = 3*h + 22. Calculate the greatest common factor of h and 80.
10
Let k be (-14 - 2)*(-84)/8. Suppose -h = 2*h + 2*x - k, -x = -h + 61. Calculate the greatest common divisor of h and 29.
29
Suppose 8 - 52 = -4*x. Suppose 5*q = -4*z + 150, -q + 0*q - 42 = -z. Let c = z - 18. Calculate the greatest common divisor of c and x.
11
Let k be -2*1/4*-30. Suppose -3*w = -2*d + 174, -w + 3*w - 364 = -4*d. What is the highest common divisor of d and k?
15
Let v be 2 - (4 + -4 - -1). What is the highest common divisor of 5 and v?
1
Let l(d) be the third derivative of d**6/120 + 3*d**5/20 + 3*d**4/8 + 5*d**3/6 - 2*d**2. Let h be l(-7). What is the greatest common factor of 16 and h?
8
Let j = 190 + -102. Calculate the highest common divisor of 11 and j.
11
Suppose -66 - 104 = -l. What is the highest common factor of l and 34?
34
Suppose -j = 4*j - 5. Suppose -10 - j = -g. Calculate the greatest common divisor of g and 44.
11
Let g = 0 + 0. Suppose -4*r + g*r + 4*a + 340 = 0, 4*r - 315 = -a. Suppose -w + r = 3*w. Calculate the highest common factor of w and 30.
10
Let c = -22 + 42. Suppose -2*y - 6 = -14, -4*y + 76 = 3*s. What is the greatest common divisor of c and s?
20
Suppose 545 = 10*x + 145. What is the highest common factor of 320 and x?
40
Suppose 12*y - 7*y = 595. Calculate the greatest common factor of 17 and y.
17
Suppose -135 = -u - 2*u. Let m be 4/24*-3*-10. What is the greatest common divisor of u and m?
5
Let v(h) = -h**2 + h + 10. Let p be v(0). Suppose -2 + 12 = 2*d. Let j be (-2)/d - (-204)/10. What is the highest common divisor of p and j?
10
Let u(v) = 3*v**2 - 3*v. Let q be u(3). Let r = q + 0. What is the highest common factor of r and 2?
2
Suppose 0 = -0*v + v. Suppose -2*l = -v*l + 4, -636 = -5*f + 3*l. Calculate the greatest common divisor of f and 14.
14
Suppose -4*s - s = -130. What is the greatest common factor of 286 and s?
26
Let u(w) = -w. Let m(l) = 3*l + 5*l**2 - 3*l - 2*l. Let y(k) = m(k) - 4*u(k). Let f be y(4). Calculate the greatest common factor of 8 and f.
8
Suppose -v + 3*f = 2*v - 54, -5*v - 4*f = -90. Let w = v + 3. What is the greatest common factor of 7 and w?
7
Let u be (-112)/(-49) + (-2)/7. Suppose s - 5*n = 10, -4*s + 19 + 21 = -u*n. What is the highest common factor of 4 and s?
2
Suppose 3*a - 3*x = 15, 0 = 2*a - 3*x - 11 + 1. What is the greatest common divisor of a and 10?
5
Let h(k) = 5*k + 1. Let q be h(5). Let c(a) = 6*a + 1. Let y be c(2). What is the greatest common factor of y and q?
13
Suppose -3*i = -5*t + 4*t + 8, t = -4. Let x be (-46)/(-6) + i/6. Calculate the greatest common divisor of x and 56.
7
Let y be (-2)/(-6)*3*-18. Let w = y + 37. Calculate the highest common divisor of 76 and w.
19
Let n = -10 + 21. What is the greatest common divisor of n and 121?
11
Let d = 67 + -39. Calculate the greatest common divisor of 70 and d.
14
Suppose 8*b = b + 112. What is the highest common factor of b and 48?
16
Suppose 2*f - 329 = -101. Let v = 2 + f. Suppose 4*n - v - 148 = 0. Calculate the highest common factor of 6 and n.
6
Let w(v) = v**3 + 6*v**2 - 10*v + 1. Let a be w(-7). What is the greatest common divisor of 44 and a?
22
Suppose 4*w - 40 = 2*w. Let b be 184/40 - 6/(-15). Calculate the highest common factor of b and w.
5
Let o = -114 - -122. Calculate the highest common divisor of 72 and o.
8
Let q = -153 - -217. Let n = 4 - 1. Let r = 5 + n. What is the greatest common factor of q and r?
8
Let x be 356/(-1)*6/(-12). Let y = 318 - x. Calculate the highest common divisor of y and 14.
14
Let t(u) = -u**3 - 3*u**2 + 3*u - 5. Let m be t(-6). Calculate the greatest common divisor of 17 and m.
17
Let y = -8 - -7. Let l be 4*(y + (3 - 0)). Let w(z) = 2*z**2 - 11*z + 4. Let t be w(l). Calculate the greatest common factor of t and 66.
22
Let w(m) = 6*m - 1. Let r be w(1). Let y be ((-4)/r)/((-4)/10). Let b be ((-54)/15)/((-2)/10). What is the highest common factor of y and b?
2
Suppose -2*h - 7 = -3*s - 49, s - 122 = -5*h. What is the greatest common factor of 24 and h?
24
Suppose 0*b = -3*b. Suppose b = -6*h + 249 + 615. What is the greatest common factor of 16 and h?
16
Let c(o) = -57*o**3 - o**2. Let j be c(-1). What is the highest common factor of 14 and j?
14
Let h be (-1)/(2*1/(-16)). Let m be -180*((-2)/8)/((-25)/(-40)). What is the highest common factor of h and m?
8
Suppose 26*h + 40 = 31*h. Let p = 2 + 2. What is the highest common divisor of p and h?